2*l**2 + 2*l - 3. Let v = -14 + 16. What is the units digit of f(v)?
9
Suppose -4*j = -5*j + 93. What is the tens digit of j?
9
Suppose 0 = 2*f + 6, -3*m + 2*f + 351 = 0. What is the tens digit of m?
1
Let j(c) = -c**3 - 7*c**2 - c - 1. Suppose 0*a + 4*a + s = 8, s = 3*a - 6. Suppose 28 = -a*n - 2*n. What is the units digit of j(n)?
6
Suppose 0 = 5*g - 3*g - 130. What is the tens digit of g?
6
Let p = 1 + -4. What is the units digit of p/(-7) + 44/77?
1
Let p(k) = 43*k + 9. What is the hundreds digit of p(3)?
1
Let s(p) = p**3 + 5*p**2 - 7*p + 3. Let c be s(-6). Let d = c - 1. Suppose -5*y + 17 = -d. What is the units digit of y?
5
Let l = -20 - -36. What is the tens digit of l?
1
Suppose 2*n - 327 = -6*z + z, -5*n = -4*z + 255. What is the tens digit of z?
6
Let n(m) = 33*m**2 + m. Let h be n(-2). Let b = h - 88. What is the units digit of b?
2
Let v(h) = -3*h**3 + h**2 - 2*h - 5. What is the tens digit of v(-4)?
1
Suppose 14*b = 11*b + 105. What is the units digit of b?
5
Suppose 3*r - 4*u = 260 + 359, 3*r - 5*u - 620 = 0. What is the tens digit of r?
0
Let l be 162/5 - 6/15. Suppose l = b + 3*b. What is the units digit of b?
8
Let y = 4 - -19. What is the tens digit of y?
2
Let w(n) = 31*n + 66. What is the units digit of w(5)?
1
Suppose -4*c + 19 = -61. What is the tens digit of c?
2
Suppose -3*f + 215 = -169. What is the units digit of -1*3*f/(-24)?
6
Suppose -3*n + 5 = -4. Suppose -j = -0*o + 2*o - 7, -17 = -j + n*o. What is the units digit of j?
1
Let t = -8 - -12. What is the units digit of t?
4
Let t be (-3)/9 - (-10)/3. Suppose 2*q + 1 + 11 = 2*j, -t*j = -5*q - 28. What is the units digit of j?
1
Suppose 5*m - 2*m = 0. Suppose -2*f + 35 + 23 = m. What is the tens digit of f?
2
Let s be (-3)/18 - (-31)/6. Suppose 49 + 38 = -4*c + s*k, -4*c = 5*k + 57. What is the units digit of 52/6 + (-6)/c?
9
Suppose -10*d - 24 = -14*d. Suppose 6 = -3*f + d*f. What is the units digit of f?
2
What is the tens digit of 4 + (2 - 128/(-4))?
3
Let x(b) = b**2 - 8*b - 3. What is the tens digit of x(11)?
3
Let s = 67 - -1. What is the units digit of s?
8
Let v(m) = -48*m - 1. What is the tens digit of v(-5)?
3
Suppose 0*s - 6 = s. Let x(v) = 3*v - 1. Let u be x(4). Let h = u + s. What is the units digit of h?
5
Let w = 9 - 6. Suppose -w = -5*i + 82. What is the units digit of i?
7
Let f(r) = r**3 + 9*r**2 - r + 3. What is the tens digit of f(-8)?
7
Let i(h) be the first derivative of h**4/4 + h**3 + h**2/2 + 3*h - 4. Let k be i(-3). Suppose -u + 17 = -k*u. What is the units digit of u?
7
Suppose -2*b = -4*b + 10. Suppose 0 = j - 2*j + b. What is the units digit of j?
5
Let j be 2*1/((-1)/(-2)). Let v be (2 + (2 - -4))/(1 - 3). What is the units digit of (-56)/j*2/v?
7
Let f = 0 + 2. Suppose -y = -f*y + 2. Suppose -3*l - y*l - 19 = -2*p, p - 2*l = 8. What is the units digit of p?
2
Suppose -2 + 5 = j. Suppose 0 = s - 4*y + j, -4*y - 5 = -3*s + 10. What is the units digit of s?
9
Suppose 2*h - r = 20, -h + 3*r + 44 = 3*h. What is the units digit of h?
8
Suppose 2*a = 0, a + 0 = 4*b + 16. Let h be 2/b - (-23)/(-2). What is the units digit of -3*2/h*2?
1
Suppose -4*v = -4*r - 8, -12 + 4 = 4*r + 5*v. Let w(l) = -2*l**2 - l + 2. Let a be w(-2). Let f = r - a. What is the units digit of f?
2
Let a(g) = -g**3 - g + 20. What is the units digit of a(0)?
0
Let a(p) = -p**3 - 6*p**2 + 5*p - 4. What is the units digit of a(-7)?
0
Let i = -32 + 45. Let j(o) = -2*o**2 + 5*o + 3. Let v be j(4). Let b = v + i. What is the units digit of b?
4
Suppose -2*t + 87 - 13 = 0. What is the tens digit of t?
3
Let b = 239 + -145. Suppose -26 = 4*x - b. What is the units digit of x?
7
Let f = -39 - -102. What is the units digit of f?
3
Let a = -36 + 96. Let s be ((-2)/5)/(3/a). Let j = 17 + s. What is the units digit of j?
9
Let g(r) = -r**2 + 8*r - 2. Let v be g(8). Let q = v + 4. Let k(w) = 2*w**3 - 3*w**2 + 1. What is the units digit of k(q)?
5
Let o(c) = -3*c - 12. Let u(i) = i + 1. Let f(b) = -o(b) - 4*u(b). Let w be f(6). Suppose -24 = w*k - 5*k. What is the units digit of k?
8
What is the tens digit of 33 + 4*(-2)/4?
3
Suppose -5*t = -10*t - 105. Suppose 0 = 2*m - 7*m + 195. Let z = m + t. What is the units digit of z?
8
Let t be -3 + 3 + -2 - -2. Suppose -u + 12 + 7 = t. What is the units digit of u?
9
Let s(b) = -2*b**2 - 4*b - 2. Let y be s(-2). What is the units digit of (4 + y)*19/2?
9
Suppose 0 = -4*j + 13 + 539. What is the tens digit of j?
3
Let m(o) = -o**3 - 5*o**2 - 6*o - 4. Let i be m(-4). Suppose 3*c - 4*q = -q + 30, 0 = -i*q. What is the units digit of c?
0
Let z(j) = -j**3 - j**2 - 2*j + 4. What is the units digit of z(-3)?
8
Let m(l) = -43*l + 1. What is the units digit of m(-2)?
7
Suppose -3*w + 147 = 4*f, -2*w = -f + w + 33. What is the units digit of f?
6
Let t(x) = x**2 + 2*x - 3. Let s(a) = a**2 + 7*a + 9. Let k be s(-6). What is the units digit of t(k)?
2
Let r be (24/15)/(-2)*5. What is the tens digit of 78/r*(-6)/9?
1
Let m(v) = -3*v + 6. Let l be m(5). Let a = l + 9. What is the units digit of a/(-3) - 1 - -18?
7
Let z(j) = -j - 2. Let a be z(-6). Suppose -a*y = -2*s + 32, -3*s + 5*y + 51 = -0*y. What is the tens digit of s?
2
Let h(v) = 281*v + 8. What is the units digit of h(1)?
9
Suppose 5*j = 3*j + 40. What is the tens digit of (-4)/j - 51/(-5)?
1
Suppose -s + 46 - 5 = 0. What is the tens digit of s?
4
Let d = 22 - -73. What is the units digit of d?
5
Suppose 2*c - 2 - 2 = 0. What is the units digit of c/(-3 - 105/(-33))?
1
Suppose 6*t - 515 = 403. What is the units digit of t?
3
Suppose 0 = -2*s - 3 + 9. Suppose -5*o + 2*t = -16, -s*o - 4*t + 0*t - 6 = 0. Suppose 5*p - 8 = -4*l, l - p - o*p = 2. What is the units digit of l?
2
Let t = 0 + 0. Let b be ((-20)/4)/(-1 - t). Suppose b*l = 5 + 20. What is the units digit of l?
5
Let u(f) = f**2 + 12*f - 5. What is the units digit of u(-13)?
8
Let u(q) = -2*q + 17 - 6 + 3*q. Let n(g) = g**2 + 8*g + 5. Let z be n(-6). What is the units digit of u(z)?
4
Let v = 111 + -43. What is the units digit of v?
8
Let y be 6/(-39) + 2/13. Suppose 3*x + 4*v - 102 = 0, y*x + x = -v + 33. What is the units digit of x?
0
Let c = -25 + 10. Let d = -10 - c. Let v = 13 + d. What is the units digit of v?
8
Let i be 2/3 - 26/(-6). Suppose -7 = 3*g + 2, 5*a - i*g - 245 = 0. What is the tens digit of a?
4
What is the tens digit of (81/15)/(1/5)?
2
Let s be (-1)/(-3) - 22/3. Let o = s - -11. Suppose -2*d = -o*d + 4. What is the units digit of d?
2
Suppose -29 = -12*y + 11*y. What is the tens digit of y?
2
Let p be (-3)/3*1*-1. Suppose 3 = 4*j - p. What is the units digit of j?
1
Let h = 5 - -1. Suppose 0 = -g + h. What is the units digit of g?
6
Let o(c) = 6*c**2 + 1. Let w(m) = m**2 - 4*m - 2. Let j(z) = z**2 - 5*z - 3. Let t(k) = -2*j(k) + 3*w(k). Let v be t(1). What is the units digit of o(v)?
7
Let c be 6 - -1 - (-4)/(-2). Suppose 8 = -2*j - 2*h - 2, 37 = -c*j + h. Let m(l) = l**3 + 8*l**2 + 6*l + 1. What is the units digit of m(j)?
8
Let w be (-1 + 1)/((-24)/8). Let k = w - -2. What is the units digit of k?
2
Let n(a) = 80*a**2 + a + 1. Let b be n(2). Suppose -4*u - 158 = -y + 99, -5*u = -3*y + b. What is the units digit of (3/(-4))/(4/u)?
2
Suppose 0*x - x = -180. Suppose 2*m + m = x. Suppose 4*j = 4*y + m, 0 = -2*j - 2*j + y + 72. What is the units digit of j?
9
What is the hundreds digit of (-1)/3 - (-1492)/12?
1
Suppose 5*b + 21 = 2*k, 0*b + 19 = -2*k - 3*b. Let w be 14*k/(-12)*-3. Let c = w - -20. What is the units digit of c?
3
Suppose 0 = 7*q - 3*q - 16, 0 = -5*w - 2*q + 943. Let h be (-8)/(-36) - w/(-9). Suppose h = 2*b + b. What is the units digit of b?
7
Suppose 2*h + 28 = 5*i - 188, 72 = 2*i + 4*h. Let y = -8 + i. What is the tens digit of y?
3
Let v = -154 + 190. What is the units digit of v?
6
Let i(w) = 13*w - 2. What is the units digit of i(1)?
1
Suppose -2*j = -52 - 98. What is the tens digit of j?
7
Let s = 7 + 39. What is the units digit of s?
6
Let y(w) = w**3 - 3*w**2 + 4*w + 1. Let f be 1 + 1*(-2 - -4). What is the tens digit of y(f)?
1
Let g(f) = -f**3 - 3*f**2 - 16*f. What is the units digit of g(-5)?
0
Suppose 0 = 4*j + j - 475. What is the tens digit of j?
9
Let x(d) = -d**2 - 18*d - 4. What is the units digit of x(-15)?
1
Suppose -2*g + 2 - 14 = 0. Let r(m) = 6. Let p(i) = i + 19. Let u(b) = -3